{"id":266,"date":"2026-01-23T14:55:06","date_gmt":"2026-01-23T14:55:06","guid":{"rendered":"https:\/\/espiralimaginativo.com.br\/?page_id=266"},"modified":"2026-03-13T17:26:11","modified_gmt":"2026-03-13T17:26:11","slug":"credenciamentos","status":"publish","type":"page","link":"https:\/\/espiralimaginativo.com.br\/index.php\/credenciamentos\/","title":{"rendered":""},"content":{"rendered":"\t\t<div data-elementor-type=\"wp-page\" data-elementor-id=\"266\" class=\"elementor elementor-266\">\n\t\t\t\t<div class=\"elementor-element elementor-element-f3c3f16 e-flex e-con-boxed wpr-particle-no wpr-jarallax-no wpr-parallax-no wpr-sticky-section-no e-con e-parent\" data-id=\"f3c3f16\" data-element_type=\"container\">\n\t\t\t\t\t<div class=\"e-con-inner\">\n\t\t\t\t<div class=\"elementor-element elementor-element-c781875 elementor-widget elementor-widget-heading\" data-id=\"c781875\" data-element_type=\"widget\" data-widget_type=\"heading.default\">\n\t\t\t\t\t<h1 class=\"elementor-heading-title elementor-size-default\">Credenciamento no Sebrae e oportunidades do Sistema S<\/h1>\t\t\t\t<\/div>\n\t\t\t\t\t<\/div>\n\t\t\t\t<\/div>\n\t\t<div class=\"elementor-element elementor-element-cc826fe e-flex e-con-boxed wpr-particle-no wpr-jarallax-no wpr-parallax-no wpr-sticky-section-no e-con e-parent\" data-id=\"cc826fe\" data-element_type=\"container\">\n\t\t\t\t\t<div class=\"e-con-inner\">\n\t\t\t\t<div class=\"elementor-element elementor-element-d9f7739 elementor-widget elementor-widget-heading\" data-id=\"d9f7739\" data-element_type=\"widget\" data-widget_type=\"heading.default\">\n\t\t\t\t\t<h6 class=\"elementor-heading-title elementor-size-default\"><i>Fature mais de 500 mil fornecendo servi\u00e7os para o Sebrae!<\/i><\/h6>\t\t\t\t<\/div>\n\t\t\t\t<div class=\"elementor-element elementor-element-10848bb elementor-widget elementor-widget-text-editor\" data-id=\"10848bb\" data-element_type=\"widget\" data-widget_type=\"text-editor.default\">\n\t\t\t\t\t\t\t\t\t<h6><span dir=\"auto\" style=\"vertical-align: inherit;\"><span dir=\"auto\" style=\"vertical-align: inherit;\"><span dir=\"auto\" style=\"vertical-align: inherit;\"><span dir=\"auto\" style=\"vertical-align: inherit;\"><span dir=\"auto\" style=\"vertical-align: inherit;\"><span dir=\"auto\" style=\"vertical-align: inherit;\"><span dir=\"auto\" style=\"vertical-align: inherit;\"><span dir=\"auto\" style=\"vertical-align: inherit;\"><span dir=\"auto\" style=\"vertical-align: inherit;\"><span dir=\"auto\" style=\"vertical-align: inherit;\"><span dir=\"auto\" style=\"vertical-align: inherit;\"><span dir=\"auto\" style=\"vertical-align: inherit;\"><span dir=\"auto\" style=\"vertical-align: inherit;\"><span dir=\"auto\" style=\"vertical-align: inherit;\">J\u00e1 pensou em ser um fornecedor oficial do Sebrae e faturar mais de 1 milh\u00e3o por ano?<\/span><\/span><\/span><\/span><\/span><\/span><\/span><\/span><\/span><\/span><\/span><\/span><\/span><\/span><\/h6><p><span dir=\"auto\" style=\"vertical-align: inherit;\"><span dir=\"auto\" style=\"vertical-align: inherit;\"><span dir=\"auto\" style=\"vertical-align: inherit;\"><span dir=\"auto\" style=\"vertical-align: inherit;\"><span dir=\"auto\" style=\"vertical-align: inherit;\"><span dir=\"auto\" style=\"vertical-align: inherit;\"><span dir=\"auto\" style=\"vertical-align: inherit;\"><span dir=\"auto\" style=\"vertical-align: inherit;\"><span dir=\"auto\" style=\"vertical-align: inherit;\"><span dir=\"auto\" style=\"vertical-align: inherit;\"><span dir=\"auto\" style=\"vertical-align: inherit;\"><span dir=\"auto\" style=\"vertical-align: inherit;\">A Espiral atua na estrutura\u00e7\u00e3o completa do credenciamento, incluindo a prepara\u00e7\u00e3o jur\u00eddica, t\u00e9cnica e fiscal para participa\u00e7\u00e3o em editais do Sistema S e processos seletivos correlatos.<\/span><\/span><\/span><\/span><\/span><\/span><\/span><\/span><\/span><\/span><\/span><\/span><\/p>\t\t\t\t\t\t\t\t<\/div>\n\t\t\t\t\t<\/div>\n\t\t\t\t<\/div>\n\t\t<div class=\"elementor-element elementor-element-e61844c e-flex e-con-boxed wpr-particle-no wpr-jarallax-no wpr-parallax-no wpr-sticky-section-no e-con e-parent\" data-id=\"e61844c\" data-element_type=\"container\">\n\t\t\t\t\t<div class=\"e-con-inner\">\n\t\t\t\t<div class=\"elementor-element elementor-element-3155004 elementor-widget elementor-widget-heading\" data-id=\"3155004\" data-element_type=\"widget\" data-widget_type=\"heading.default\">\n\t\t\t\t\t<h2 class=\"elementor-heading-title elementor-size-default\">O que \u00e9 o credenciamento?<\/h2>\t\t\t\t<\/div>\n\t\t\t\t\t<\/div>\n\t\t\t\t<\/div>\n\t\t<div class=\"elementor-element elementor-element-9bdc11d e-flex e-con-boxed wpr-particle-no wpr-jarallax-no wpr-parallax-no wpr-sticky-section-no e-con e-parent\" data-id=\"9bdc11d\" data-element_type=\"container\">\n\t\t\t\t\t<div class=\"e-con-inner\">\n\t\t\t\t<div class=\"elementor-element elementor-element-f12ae75 elementor-widget elementor-widget-text-editor\" data-id=\"f12ae75\" data-element_type=\"widget\" data-widget_type=\"text-editor.default\">\n\t\t\t\t\t\t\t\t\t<p><span dir=\"auto\" style=\"vertical-align: inherit;\"><span dir=\"auto\" style=\"vertical-align: inherit;\"><span dir=\"auto\" style=\"vertical-align: inherit;\"><span dir=\"auto\" style=\"vertical-align: inherit;\"><span dir=\"auto\" style=\"vertical-align: inherit;\"><span dir=\"auto\" style=\"vertical-align: inherit;\"><span dir=\"auto\" style=\"vertical-align: inherit;\"><span dir=\"auto\" style=\"vertical-align: inherit;\">Institui\u00e7\u00f5es como o Sebrae contratam consultores, palestrantes e empresas para prestar servi\u00e7os &#8211; todos os anos. <\/span><\/span><\/span><\/span><\/span><\/span><\/span><\/span><br data-start=\"630\" data-end=\"633\" \/><span dir=\"auto\" style=\"vertical-align: inherit;\"><span dir=\"auto\" style=\"vertical-align: inherit;\"><span dir=\"auto\" style=\"vertical-align: inherit;\"><span dir=\"auto\" style=\"vertical-align: inherit;\"><span dir=\"auto\" style=\"vertical-align: inherit;\"><span dir=\"auto\" style=\"vertical-align: inherit;\"><span dir=\"auto\" style=\"vertical-align: inherit;\"><span dir=\"auto\" style=\"vertical-align: inherit;\">O desafio n\u00e3o \u00e9 falta de oportunidades, mas saber como entrar, permanecer e crescer dentro do sistema.<\/span><\/span><\/span><\/span><\/span><\/span><\/span><\/span><\/p><p><span dir=\"auto\" style=\"vertical-align: inherit;\"><span dir=\"auto\" style=\"vertical-align: inherit;\"><span dir=\"auto\" style=\"vertical-align: inherit;\"><span dir=\"auto\" style=\"vertical-align: inherit;\"><span dir=\"auto\" style=\"vertical-align: inherit;\"><span dir=\"auto\" style=\"vertical-align: inherit;\"><span dir=\"auto\" style=\"vertical-align: inherit;\"><span dir=\"auto\" style=\"vertical-align: inherit;\"><span dir=\"auto\" style=\"vertical-align: inherit;\"><span dir=\"auto\" style=\"vertical-align: inherit;\">O credenciamento \u00e9 um processo seletivo cont\u00ednuo utilizado por institui\u00e7\u00f5es como o Sistema S para cadastrar empresas e profissionais que contenham aptos a prestar servi\u00e7os t\u00e9cnicos especializados. Diferente de um edital pontual, o credenciamento exige organiza\u00e7\u00e3o documental recorrente, adequa\u00e7\u00e3o institucional e estrat\u00e9gia de posicionamento.<\/span><\/span><\/span><\/span><\/span><\/span><\/span><\/span><\/span><\/span><\/p>\t\t\t\t\t\t\t\t<\/div>\n\t\t\t\t\t<\/div>\n\t\t\t\t<\/div>\n\t\t<div class=\"elementor-element elementor-element-1f95a2a e-flex e-con-boxed wpr-particle-no wpr-jarallax-no wpr-parallax-no wpr-sticky-section-no e-con e-parent\" data-id=\"1f95a2a\" data-element_type=\"container\">\n\t\t\t\t\t<div class=\"e-con-inner\">\n\t\t\t\t<div class=\"elementor-element elementor-element-0299dfe elementor-widget elementor-widget-heading\" data-id=\"0299dfe\" data-element_type=\"widget\" data-widget_type=\"heading.default\">\n\t\t\t\t\t<h2 class=\"elementor-heading-title elementor-size-default\">Para quem \u00e9 o credenciamento:<\/h2>\t\t\t\t<\/div>\n\t\t\t\t\t<\/div>\n\t\t\t\t<\/div>\n\t\t<div class=\"elementor-element elementor-element-279bf02 e-flex e-con-boxed wpr-particle-no wpr-jarallax-no wpr-parallax-no wpr-sticky-section-no e-con e-parent\" data-id=\"279bf02\" data-element_type=\"container\">\n\t\t\t\t\t<div class=\"e-con-inner\">\n\t\t\t\t<div class=\"elementor-element elementor-element-2deb12e elementor-widget elementor-widget-text-editor\" data-id=\"2deb12e\" data-element_type=\"widget\" data-widget_type=\"text-editor.default\">\n\t\t\t\t\t\t\t\t\t<p><span dir=\"auto\" style=\"vertical-align: inherit;\"><span dir=\"auto\" style=\"vertical-align: inherit;\"><span dir=\"auto\" style=\"vertical-align: inherit;\"><span dir=\"auto\" style=\"vertical-align: inherit;\"><span dir=\"auto\" style=\"vertical-align: inherit;\"><span dir=\"auto\" style=\"vertical-align: inherit;\"><span dir=\"auto\" style=\"vertical-align: inherit;\"><span dir=\"auto\" style=\"vertical-align: inherit;\">O credenciamento \u00e9 indicado para:<\/span><\/span><\/span><\/span><\/span><\/span><\/span><\/span><\/p><p data-start=\"407\" data-end=\"763\"><span dir=\"auto\" style=\"vertical-align: inherit;\"><span dir=\"auto\" style=\"vertical-align: inherit;\"><span dir=\"auto\" style=\"vertical-align: inherit;\"><span dir=\"auto\" style=\"vertical-align: inherit;\"><span dir=\"auto\" style=\"vertical-align: inherit;\"><span dir=\"auto\" style=\"vertical-align: inherit;\"><span dir=\"auto\" style=\"vertical-align: inherit;\"><span dir=\"auto\" style=\"vertical-align: inherit;\">\u2013 Consultores que desejam atuar de forma recorrente junto ao Sistema S <\/span><\/span><\/span><\/span><\/span><\/span><\/span><\/span><br data-start=\"492\" data-end=\"495\" \/><span dir=\"auto\" style=\"vertical-align: inherit;\"><span dir=\"auto\" style=\"vertical-align: inherit;\"><span dir=\"auto\" style=\"vertical-align: inherit;\"><span dir=\"auto\" style=\"vertical-align: inherit;\"><span dir=\"auto\" style=\"vertical-align: inherit;\"><span dir=\"auto\" style=\"vertical-align: inherit;\"><span dir=\"auto\" style=\"vertical-align: inherit;\"><span dir=\"auto\" style=\"vertical-align: inherit;\">\u2013 Empresas que prestam servi\u00e7os t\u00e9cnicos, educacionais, criativos ou de gest\u00e3o empresarial <\/span><\/span><\/span><\/span><\/span><\/span><\/span><\/span><br data-start=\"575\" data-end=\"578\" \/><span dir=\"auto\" style=\"vertical-align: inherit;\"><span dir=\"auto\" style=\"vertical-align: inherit;\"><span dir=\"auto\" style=\"vertical-align: inherit;\"><span dir=\"auto\" style=\"vertical-align: inherit;\"><span dir=\"auto\" style=\"vertical-align: inherit;\"><span dir=\"auto\" style=\"vertical-align: inherit;\"><span dir=\"auto\" style=\"vertical-align: inherit;\"><span dir=\"auto\" style=\"vertical-align: inherit;\">\u2013 Profissionais que buscam previsibilidade e amplia\u00e7\u00e3o de oportunidades institucionais <\/span><\/span><\/span><\/span><\/span><\/span><\/span><\/span><br data-start=\"666\" data-end=\"669\" \/><span dir=\"auto\" style=\"vertical-align: inherit;\"><span dir=\"auto\" style=\"vertical-align: inherit;\"><span dir=\"auto\" style=\"vertical-align: inherit;\"><span dir=\"auto\" style=\"vertical-align: inherit;\"><span dir=\"auto\" style=\"vertical-align: inherit;\"><span dir=\"auto\" style=\"vertical-align: inherit;\"><span dir=\"auto\" style=\"vertical-align: inherit;\"><span dir=\"auto\" style=\"vertical-align: inherit;\">\u2013 Neg\u00f3cios que precisam organizar e validar sua atua\u00e7\u00e3o t\u00e9cnica perante grandes institui\u00e7\u00f5es<\/span><\/span><\/span><\/span><\/span><\/span><\/span><\/span><\/p>\t\t\t\t\t\t\t\t<\/div>\n\t\t\t\t<div class=\"elementor-element elementor-element-a00efe9 elementor-widget elementor-widget-heading\" data-id=\"a00efe9\" data-element_type=\"widget\" data-widget_type=\"heading.default\">\n\t\t\t\t\t<h2 class=\"elementor-heading-title elementor-size-default\">O que a Espiral faz no credenciamento:<br><\/h2>\t\t\t\t<\/div>\n\t\t\t\t<div class=\"elementor-element elementor-element-0366fbf elementor-widget elementor-widget-text-editor\" data-id=\"0366fbf\" data-element_type=\"widget\" data-widget_type=\"text-editor.default\">\n\t\t\t\t\t\t\t\t\t<p><span dir=\"auto\" style=\"vertical-align: inherit;\"><span dir=\"auto\" style=\"vertical-align: inherit;\"><span dir=\"auto\" style=\"vertical-align: inherit;\"><span dir=\"auto\" style=\"vertical-align: inherit;\"><span dir=\"auto\" style=\"vertical-align: inherit;\"><span dir=\"auto\" style=\"vertical-align: inherit;\">Atuamos desde o diagn\u00f3stico do perfil at\u00e9 a submiss\u00e3o e manuten\u00e7\u00e3o do credenciamento, organizando toda a documenta\u00e7\u00e3o t\u00e9cnica, jur\u00eddica e estrat\u00e9gica relevante pelas institui\u00e7\u00f5es. Estruturamos portf\u00f3lios, atestados de capacidade t\u00e9cnica, curr\u00edculos, propostas e acompanhamos atualizando ampliando a capacidade de atendimento e garantindo consist\u00eancia e recorr\u00eancia como fornecedor, com:<\/span><\/span><\/span><\/span><\/span><\/span><\/p>\t\t\t\t\t\t\t\t<\/div>\n\t\t\t\t<div class=\"elementor-element elementor-element-ad85f37 elementor-widget elementor-widget-text-editor\" data-id=\"ad85f37\" data-element_type=\"widget\" data-widget_type=\"text-editor.default\">\n\t\t\t\t\t\t\t\t\t<p data-start=\"340\" data-end=\"485\"><strong data-start=\"340\" data-end=\"374\"><span dir=\"auto\" style=\"vertical-align: inherit;\"><span dir=\"auto\" style=\"vertical-align: inherit;\"><span dir=\"auto\" style=\"vertical-align: inherit;\"><span dir=\"auto\" style=\"vertical-align: inherit;\"><span dir=\"auto\" style=\"vertical-align: inherit;\"><span dir=\"auto\" style=\"vertical-align: inherit;\"><span dir=\"auto\" style=\"vertical-align: inherit;\"><span dir=\"auto\" style=\"vertical-align: inherit;\"><span dir=\"auto\" style=\"vertical-align: inherit;\"><span dir=\"auto\" style=\"vertical-align: inherit;\">1. Diagn\u00f3stico e enquadramento<\/span><\/span><\/span><\/span><\/span><\/span><\/span><\/span><\/span><\/span><\/strong><br data-start=\"374\" data-end=\"377\" \/><span dir=\"auto\" style=\"vertical-align: inherit;\"><span dir=\"auto\" style=\"vertical-align: inherit;\"><span dir=\"auto\" style=\"vertical-align: inherit;\"><span dir=\"auto\" style=\"vertical-align: inherit;\"><span dir=\"auto\" style=\"vertical-align: inherit;\"><span dir=\"auto\" style=\"vertical-align: inherit;\"><span dir=\"auto\" style=\"vertical-align: inherit;\"><span dir=\"auto\" style=\"vertical-align: inherit;\"><span dir=\"auto\" style=\"vertical-align: inherit;\"><span dir=\"auto\" style=\"vertical-align: inherit;\"> Avaliamos o perfil profissional e empresarial, \u00e1reas de atua\u00e7\u00e3o e requisitos institucionais legais.<\/span><\/span><\/span><\/span><\/span><\/span><\/span><\/span><\/span><\/span><\/p><p data-start=\"492\" data-end=\"615\"><strong data-start=\"492\" data-end=\"521\"><span dir=\"auto\" style=\"vertical-align: inherit;\"><span dir=\"auto\" style=\"vertical-align: inherit;\"><span dir=\"auto\" style=\"vertical-align: inherit;\"><span dir=\"auto\" style=\"vertical-align: inherit;\"><span dir=\"auto\" style=\"vertical-align: inherit;\"><span dir=\"auto\" style=\"vertical-align: inherit;\"><span dir=\"auto\" style=\"vertical-align: inherit;\"><span dir=\"auto\" style=\"vertical-align: inherit;\"><span dir=\"auto\" style=\"vertical-align: inherit;\"><span dir=\"auto\" style=\"vertical-align: inherit;\">2. Organiza\u00e7\u00e3o documental<\/span><\/span><\/span><\/span><\/span><\/span><\/span><\/span><\/span><\/span><\/strong><br data-start=\"521\" data-end=\"524\" \/><span dir=\"auto\" style=\"vertical-align: inherit;\"><span dir=\"auto\" style=\"vertical-align: inherit;\"><span dir=\"auto\" style=\"vertical-align: inherit;\"><span dir=\"auto\" style=\"vertical-align: inherit;\"><span dir=\"auto\" style=\"vertical-align: inherit;\"><span dir=\"auto\" style=\"vertical-align: inherit;\"><span dir=\"auto\" style=\"vertical-align: inherit;\"><span dir=\"auto\" style=\"vertical-align: inherit;\"><span dir=\"auto\" style=\"vertical-align: inherit;\"><span dir=\"auto\" style=\"vertical-align: inherit;\"> Estruturamos e validamos toda a documenta\u00e7\u00e3o t\u00e9cnica, jur\u00eddica e comprobat\u00f3ria ordin\u00e1ria.<\/span><\/span><\/span><\/span><\/span><\/span><\/span><\/span><\/span><\/span><\/p><p data-start=\"622\" data-end=\"750\"><strong data-start=\"622\" data-end=\"655\"><span dir=\"auto\" style=\"vertical-align: inherit;\"><span dir=\"auto\" style=\"vertical-align: inherit;\"><span dir=\"auto\" style=\"vertical-align: inherit;\"><span dir=\"auto\" style=\"vertical-align: inherit;\"><span dir=\"auto\" style=\"vertical-align: inherit;\"><span dir=\"auto\" style=\"vertical-align: inherit;\"><span dir=\"auto\" style=\"vertical-align: inherit;\"><span dir=\"auto\" style=\"vertical-align: inherit;\"><span dir=\"auto\" style=\"vertical-align: inherit;\"><span dir=\"auto\" style=\"vertical-align: inherit;\">3. Submiss\u00e3o e credenciamento<\/span><\/span><\/span><\/span><\/span><\/span><\/span><\/span><\/span><\/span><\/strong><br data-start=\"655\" data-end=\"658\" \/><span dir=\"auto\" style=\"vertical-align: inherit;\"><span dir=\"auto\" style=\"vertical-align: inherit;\"><span dir=\"auto\" style=\"vertical-align: inherit;\"><span dir=\"auto\" style=\"vertical-align: inherit;\"><span dir=\"auto\" style=\"vertical-align: inherit;\"><span dir=\"auto\" style=\"vertical-align: inherit;\"><span dir=\"auto\" style=\"vertical-align: inherit;\"><span dir=\"auto\" style=\"vertical-align: inherit;\"><span dir=\"auto\" style=\"vertical-align: inherit;\"><span dir=\"auto\" style=\"vertical-align: inherit;\"> Realizamos o envio do processo nas plataformas institucionais, conforme regras e prazos.<\/span><\/span><\/span><\/span><\/span><\/span><\/span><\/span><\/span><\/span><\/p><p data-start=\"757\" data-end=\"877\"><strong data-start=\"757\" data-end=\"785\"><span dir=\"auto\" style=\"vertical-align: inherit;\"><span dir=\"auto\" style=\"vertical-align: inherit;\"><span dir=\"auto\" style=\"vertical-align: inherit;\"><span dir=\"auto\" style=\"vertical-align: inherit;\"><span dir=\"auto\" style=\"vertical-align: inherit;\"><span dir=\"auto\" style=\"vertical-align: inherit;\"><span dir=\"auto\" style=\"vertical-align: inherit;\"><span dir=\"auto\" style=\"vertical-align: inherit;\"><span dir=\"auto\" style=\"vertical-align: inherit;\"><span dir=\"auto\" style=\"vertical-align: inherit;\">4. Manuten\u00e7\u00e3o e expans\u00e3o<\/span><\/span><\/span><\/span><\/span><\/span><\/span><\/span><\/span><\/span><\/strong><br data-start=\"785\" data-end=\"788\" \/><span dir=\"auto\" style=\"vertical-align: inherit;\"><span dir=\"auto\" style=\"vertical-align: inherit;\"><span dir=\"auto\" style=\"vertical-align: inherit;\"><span dir=\"auto\" style=\"vertical-align: inherit;\"><span dir=\"auto\" style=\"vertical-align: inherit;\"><span dir=\"auto\" style=\"vertical-align: inherit;\"><span dir=\"auto\" style=\"vertical-align: inherit;\"><span dir=\"auto\" style=\"vertical-align: inherit;\"><span dir=\"auto\" style=\"vertical-align: inherit;\"><span dir=\"auto\" style=\"vertical-align: inherit;\"> Apoiamos atualiza\u00e7\u00f5es, renova\u00e7\u00f5es e amplia\u00e7\u00f5es de oportunidades ao longo do tempo.<\/span><\/span><\/span><\/span><\/span><\/span><\/span><\/span><\/span><\/span><\/p>\t\t\t\t\t\t\t\t<\/div>\n\t\t\t\t\t<\/div>\n\t\t\t\t<\/div>\n\t\t<div class=\"elementor-element elementor-element-bc7d289 e-flex e-con-boxed wpr-particle-no wpr-jarallax-no wpr-parallax-no wpr-sticky-section-no e-con e-parent\" data-id=\"bc7d289\" data-element_type=\"container\">\n\t\t\t\t\t<div class=\"e-con-inner\">\n\t\t\t\t<div class=\"elementor-element elementor-element-972954b elementor-widget elementor-widget-heading\" data-id=\"972954b\" data-element_type=\"widget\" data-widget_type=\"heading.default\">\n\t\t\t\t\t<h2 class=\"elementor-heading-title elementor-size-default\">Pronto para estruturar seu credenciamento?<\/h2>\t\t\t\t<\/div>\n\t\t\t\t\t<\/div>\n\t\t\t\t<\/div>\n\t\t<div class=\"elementor-element elementor-element-0b8415f e-flex e-con-boxed wpr-particle-no wpr-jarallax-no wpr-parallax-no wpr-sticky-section-no e-con e-parent\" data-id=\"0b8415f\" data-element_type=\"container\">\n\t\t\t\t\t<div class=\"e-con-inner\">\n\t\t\t\t<div class=\"elementor-element elementor-element-9ae6d15 elementor-widget elementor-widget-text-editor\" data-id=\"9ae6d15\" data-element_type=\"widget\" data-widget_type=\"text-editor.default\">\n\t\t\t\t\t\t\t\t\t<p>Se voc\u00ea deseja\u00a0<span style=\"font-size: 1rem;\">ampliar suas oportunidades de presta\u00e7\u00e3o de servi\u00e7os de forma recorrente,<\/span><span style=\"font-size: 1rem;\">organizar sua atua\u00e7\u00e3o institucional, atender \u00e0s exig\u00eancias do Sistema S, a Espiral Imaginativo pode conduzir esse processo com estrat\u00e9gia.<\/span><\/p>\t\t\t\t\t\t\t\t<\/div>\n\t\t\t\t\t<\/div>\n\t\t\t\t<\/div>\n\t\t<div class=\"elementor-element elementor-element-541b1fa e-flex e-con-boxed wpr-particle-no wpr-jarallax-no wpr-parallax-no wpr-sticky-section-no e-con e-parent\" data-id=\"541b1fa\" data-element_type=\"container\">\n\t\t\t\t\t<div class=\"e-con-inner\">\n\t\t\t\t<div class=\"elementor-element elementor-element-601b4b7 elementor-widget elementor-widget-button\" data-id=\"601b4b7\" data-element_type=\"widget\" data-widget_type=\"button.default\">\n\t\t\t\t\t\t\t\t\t\t<a class=\"elementor-button elementor-button-link elementor-size-sm\" href=\"https:\/\/wa.me\/5511943578669\">\n\t\t\t\t\t\t<span class=\"elementor-button-content-wrapper\">\n\t\t\t\t\t\t\t\t\t<span class=\"elementor-button-text\">Iniciar Conversa com Main\u00e1 Vieira<\/span>\n\t\t\t\t\t<\/span>\n\t\t\t\t\t<\/a>\n\t\t\t\t\t\t\t\t<\/div>\n\t\t\t\t\t<\/div>\n\t\t\t\t<\/div>\n\t\t\t\t<\/div>\n\t\t","protected":false},"excerpt":{"rendered":"<p>Credenciamento no Sebrae e oportunidades do Sistema S Fature mais de 500 mil fornecendo servi\u00e7os para o Sebrae! J\u00e1 pensou em ser um fornecedor oficial do Sebrae e faturar mais de 1 milh\u00e3o por ano? A Espiral atua na estrutura\u00e7\u00e3o completa do credenciamento, incluindo a prepara\u00e7\u00e3o jur\u00eddica, t\u00e9cnica e fiscal para participa\u00e7\u00e3o em editais do Sistema S e processos seletivos correlatos. O que \u00e9 o credenciamento? Institui\u00e7\u00f5es como o Sebrae contratam consultores, palestrantes e empresas para prestar servi\u00e7os &#8211; todos os anos. O desafio n\u00e3o \u00e9 falta de oportunidades, mas saber como entrar, permanecer e crescer dentro do sistema. O credenciamento \u00e9 um processo seletivo cont\u00ednuo utilizado por institui\u00e7\u00f5es como o Sistema S para cadastrar empresas e profissionais que contenham aptos a prestar servi\u00e7os t\u00e9cnicos especializados. Diferente de um edital pontual, o credenciamento exige organiza\u00e7\u00e3o documental recorrente, adequa\u00e7\u00e3o institucional e estrat\u00e9gia de posicionamento. Para quem \u00e9 o credenciamento: O credenciamento \u00e9 indicado para: \u2013 Consultores que desejam atuar de forma recorrente junto ao Sistema S \u2013 Empresas que prestam servi\u00e7os t\u00e9cnicos, educacionais, criativos ou de gest\u00e3o empresarial \u2013 Profissionais que buscam previsibilidade e amplia\u00e7\u00e3o de oportunidades institucionais \u2013 Neg\u00f3cios que precisam organizar e validar sua atua\u00e7\u00e3o t\u00e9cnica perante grandes institui\u00e7\u00f5es O que a Espiral faz no credenciamento: Atuamos desde o diagn\u00f3stico do perfil at\u00e9 a submiss\u00e3o e manuten\u00e7\u00e3o do credenciamento, organizando toda a documenta\u00e7\u00e3o t\u00e9cnica, jur\u00eddica e estrat\u00e9gica relevante pelas institui\u00e7\u00f5es. Estruturamos portf\u00f3lios, atestados de capacidade t\u00e9cnica, curr\u00edculos, propostas e acompanhamos atualizando ampliando a capacidade de atendimento e garantindo consist\u00eancia e recorr\u00eancia como fornecedor, com: 1. Diagn\u00f3stico e enquadramento Avaliamos o perfil profissional e empresarial, \u00e1reas de atua\u00e7\u00e3o e requisitos institucionais legais. 2. Organiza\u00e7\u00e3o documental Estruturamos e validamos toda a documenta\u00e7\u00e3o t\u00e9cnica, jur\u00eddica e comprobat\u00f3ria ordin\u00e1ria. 3. Submiss\u00e3o e credenciamento Realizamos o envio do processo nas plataformas institucionais, conforme regras e prazos. 4. Manuten\u00e7\u00e3o e expans\u00e3o Apoiamos atualiza\u00e7\u00f5es, renova\u00e7\u00f5es e amplia\u00e7\u00f5es de oportunidades ao longo do tempo. Pronto para estruturar seu credenciamento? Se voc\u00ea deseja\u00a0ampliar suas oportunidades de presta\u00e7\u00e3o de servi\u00e7os de forma recorrente,organizar sua atua\u00e7\u00e3o institucional, atender \u00e0s exig\u00eancias do Sistema S, a Espiral Imaginativo pode conduzir esse processo com estrat\u00e9gia. Iniciar Conversa com Main\u00e1 Vieira<\/p>\n","protected":false},"author":1,"featured_media":0,"parent":0,"menu_order":0,"comment_status":"closed","ping_status":"closed","template":"","meta":{"footnotes":""},"class_list":["post-266","page","type-page","status-publish","hentry"],"_links":{"self":[{"href":"https:\/\/espiralimaginativo.com.br\/index.php\/wp-json\/wp\/v2\/pages\/266","targetHints":{"allow":["GET"]}}],"collection":[{"href":"https:\/\/espiralimaginativo.com.br\/index.php\/wp-json\/wp\/v2\/pages"}],"about":[{"href":"https:\/\/espiralimaginativo.com.br\/index.php\/wp-json\/wp\/v2\/types\/page"}],"author":[{"embeddable":true,"href":"https:\/\/espiralimaginativo.com.br\/index.php\/wp-json\/wp\/v2\/users\/1"}],"replies":[{"embeddable":true,"href":"https:\/\/espiralimaginativo.com.br\/index.php\/wp-json\/wp\/v2\/comments?post=266"}],"version-history":[{"count":46,"href":"https:\/\/espiralimaginativo.com.br\/index.php\/wp-json\/wp\/v2\/pages\/266\/revisions"}],"predecessor-version":[{"id":687,"href":"https:\/\/espiralimaginativo.com.br\/index.php\/wp-json\/wp\/v2\/pages\/266\/revisions\/687"}],"wp:attachment":[{"href":"https:\/\/espiralimaginativo.com.br\/index.php\/wp-json\/wp\/v2\/media?parent=266"}],"curies":[{"name":"wp","href":"https:\/\/api.w.org\/{rel}","templated":true}]}}